ulate the highest common factor of 967435 and 4323179.
1477
Calculate the greatest common divisor of 199946 and 803674.
778
What is the greatest common factor of 166300 and 124500?
100
Calculate the greatest common factor of 115900 and 45810900.
1900
What is the highest common factor of 1026078 and 1044?
174
Calculate the greatest common divisor of 9260758 and 19942.
1534
What is the greatest common factor of 26678686 and 582?
194
What is the highest common factor of 217498 and 27200?
34
Calculate the highest common divisor of 312310 and 10215.
5
Calculate the greatest common divisor of 61 and 303862411.
61
What is the highest common factor of 13672053 and 37539?
873
What is the greatest common divisor of 9 and 26564404?
1
Calculate the greatest common divisor of 18098991 and 756.
27
What is the greatest common divisor of 26789464 and 208?
104
What is the greatest common factor of 6 and 16856618?
2
Calculate the highest common factor of 227910 and 9770.
10
Calculate the highest common divisor of 60279709 and 22419.
2491
What is the highest common factor of 5934 and 6796293?
69
Calculate the greatest common divisor of 391 and 16816381.
23
What is the greatest common divisor of 21350553 and 44121?
4011
What is the greatest common factor of 132808845 and 3315?
3315
Calculate the highest common factor of 11435 and 98665.
5
What is the greatest common divisor of 286375 and 86821?
79
Calculate the greatest common factor of 70 and 464930.
10
What is the greatest common factor of 2582202 and 2646?
294
What is the highest common divisor of 47 and 42933701?
47
What is the highest common divisor of 43398666 and 12?
6
Calculate the greatest common divisor of 490 and 3129826.
98
What is the highest common factor of 216 and 12401316?
108
What is the greatest common divisor of 69538 and 6538?
14
Calculate the highest common divisor of 16990 and 3885613.
1699
Calculate the greatest common factor of 2767607 and 212.
53
Calculate the greatest common divisor of 1195578239 and 14829.
4943
Calculate the greatest common divisor of 229066 and 965967.
2161
What is the greatest common divisor of 56 and 361460876?
28
Calculate the highest common factor of 191295 and 61585.
545
What is the greatest common factor of 4233197 and 511?
73
What is the highest common divisor of 42 and 107415840?
42
Calculate the highest common factor of 2599 and 76061.
23
What is the greatest common divisor of 137832 and 32616?
24
Calculate the greatest common factor of 277994860 and 11.
11
What is the highest common divisor of 2569 and 99444889?
367
What is the highest common factor of 25 and 1700395?
5
Calculate the highest common divisor of 47 and 13558607.
47
Calculate the greatest common divisor of 400 and 71076200.
200
Calculate the highest common factor of 20445 and 1310220.
435
What is the greatest common divisor of 63810869 and 973?
139
Calculate the highest common divisor of 28080 and 1300320.
2160
What is the greatest common divisor of 24 and 32478114?
6
Calculate the highest common divisor of 75465456 and 11374.
1034
What is the highest common factor of 261553114 and 4143?
1381
What is the highest common factor of 1388721074 and 78?
26
What is the highest common divisor of 235 and 30991565?
235
Calculate the highest common factor of 79930923 and 1037.
1037
Calculate the highest common divisor of 30108 and 13769028.
156
Calculate the greatest common factor of 270 and 572454.
54
What is the greatest common divisor of 4089 and 435261?
87
Calculate the greatest common divisor of 165702010 and 170.
10
Calculate the greatest common divisor of 6035004 and 2067.
159
What is the highest common divisor of 80 and 15011240?
40
What is the highest common divisor of 799779 and 35979?
201
Calculate the greatest common divisor of 1869 and 3380398.
623
Calculate the highest common factor of 303 and 103996771.
101
Calculate the greatest common divisor of 320 and 182179264.
64
What is the greatest common divisor of 6982657 and 22?
11
Calculate the highest common divisor of 818753 and 44057.
13
What is the highest common divisor of 28071395 and 6050?
605
What is the highest common factor of 3376 and 125756?
844
What is the highest common factor of 61010 and 19100?
10
What is the greatest common divisor of 72845 and 188105?
85
What is the greatest common divisor of 2 and 36022958?
2
Calculate the highest common factor of 7290582 and 3120.
78
Calculate the highest common divisor of 30524 and 20527.
13
What is the highest common divisor of 20633106 and 117?
39
What is the greatest common divisor of 13542806 and 31722?
622
What is the highest common factor of 3 and 78511?
1
Calculate the highest common factor of 19 and 3667875.
1
What is the greatest common divisor of 1468131 and 63?
21
What is the greatest common divisor of 130 and 6456502?
26
What is the greatest common factor of 116350999 and 10821?
3607
What is the greatest common factor of 48393914 and 124?
62
Calculate the greatest common factor of 352 and 4308887.
11
Calculate the greatest common factor of 1065 and 32555559.
213
Calculate the highest common factor of 395028 and 252.
36
Calculate the greatest common divisor of 373606 and 316598.
1018
Calculate the greatest common factor of 3720880 and 2000.
80
What is the highest common factor of 168 and 334754070?
42
What is the greatest common factor of 380 and 215308?
76
What is the greatest common divisor of 1504 and 82432?
32
Calculate the highest common factor of 254 and 66530093.
127
Calculate the highest common divisor of 1634769 and 1215.
27
Calculate the greatest common divisor of 36492509 and 71.
71
Calculate the greatest common factor of 252 and 5313456.
36
Calculate the highest common factor of 1268 and 65390126.
634
What is the highest common divisor of 75851 and 924481?
751
Calculate the highest common factor of 9374 and 88223401.
4687
What is the highest common factor of 347 and 190694891?
347
Calculate the greatest common factor of 14238 and 7243187.
791
What is the highest common factor of 20872366 and 370?
74
Calculate the highest common factor of 1628 and 84682788.
148
What is the greatest common factor of 715 and 15769?
13
What is the greatest common divisor of 166518 and 178?
2
Calculate the greatest common divisor of 14 and 667098733.
7
Calculate the greatest common divisor of 285302350 and 23.
23
What is the greatest common factor of 400610 and 130?
10
Calculate the greatest common divisor of 11140 and 7756.
4
What is the highest common factor of 533286 and 182?
26
Calculate the greatest common divisor of 137493 and 198.
9
Calculate the highest common factor of 2946540 and 510.
30
Calculate the highest common divisor of 3712380 and 252.
84
What is the highest common factor of 11903168 and 48?
16
What is the greatest common divisor of 185238 and 84378?
246
Calculate the highest common divisor of 2205786 and 11286.
1254
Calculate the highest common factor of 262089 and 2601.
153
Calculate the greatest common factor of 113920 and 465040.
80
Calculate the greatest common divisor of 20356 and 64358.
14
What is the highest common divisor of 9725 and 28225?
25
Calculate the highest common factor of 5746391 and 23779.
301
What is the highest common factor of 501 and 29137492?
167
What is the highest common factor of 14762 and 18310204?
242
Calculate the highest common factor of 119734 and 379114.
262
What is the highest common divisor of 61850 and 2350?
50
Calculate the greatest common factor of 30566144 and 6216.
2072
What is the greatest common divisor of 63764 and 1662898?
1678
Calculate the highest common factor of 2091090 and 10320.
1290
What is the highest common factor of 2295730 and 88880?
1010
Calculate the highest common factor of 200 and 223775.
25
Calculate the highest common factor of 78334080 and 54.
6
What is the highest common divisor of 5751 and 6220736?
71
What is the greatest common factor of 762 and 54895369?
127
Calculate the highest common divisor of 19178 and 219209.
223
What is the greatest common factor of 232999 and 221?
13
What is the greatest common factor of 166087171 and 127?
127
Calculate the greatest common divisor of 1260 and 417386340.
1260
Calculate the greatest common divisor of 28 and 122059910.
14
Calculate the greatest common divisor of 81